g = -9*m + 1640, 458 = 2*m + 5*g. Suppose -m = -6*u + 378. What is the greatest common divisor of u and 18?
6
Suppose -1220*k + 4599 = -1193*k - 207. What is the greatest common divisor of 2 and k?
2
Suppose 2*f - c + 4 = -0*f, 0 = 2*f - 3*c + 8. Let n = f - 8. Let u be ((-5)/(-10) + n/6)/(-1). What is the highest common factor of u and 15?
1
Suppose -29*q + 24*q + 6*i = 4, 3*i - 12 = 0. Calculate the greatest common divisor of q and 916.
4
Suppose 28 + 1688 = 3*b. Let f be (1579 + -1576)/(109/308 - 2/7). What is the highest common divisor of f and b?
44
Let y be (((-6)/(-15))/1)/((-1)/((-70)/28)). Calculate the greatest common factor of y and 3019.
1
Let t be (-2839)/(-102) + 2/12. Let l = 604 - 485. Calculate the highest common factor of t and l.
7
Let c be 6/(-11) + (-34450)/(-1166). Let w(g) = 49*g - 33. Let i be w(6). Calculate the highest common divisor of c and i.
29
Suppose -8*x + 2846 = -3554. Let i be -8 - -3 - 0 - x/(-10). What is the greatest common factor of 600 and i?
75
Suppose -205*s + 22*s + 657153 = 0. Calculate the highest common factor of s and 945.
189
Suppose -4*x - 8 = -4*m, -8*x = m - 4*x - 17. What is the highest common divisor of m and 2575?
5
Suppose 4*w + s - 737 = 0, -5*s - 581 = -5*w + 309. Suppose -11*k + 15 = -w. Calculate the highest common factor of k and 99.
9
Suppose 0 = 15*c + 61 - 691. Suppose 47*z + c = 49*z. What is the greatest common divisor of z and 84?
21
Let b(d) = -119*d + 9688. Let j be b(74). What is the highest common factor of 784 and j?
98
Let a be 151*4/3*1 - (-1320)/(-990). What is the greatest common divisor of a and 272?
8
Let n be (-139050)/824*4/(-3). Let o(w) = -3*w - 3. Let d be o(-4). Calculate the greatest common factor of d and n.
9
Suppose i + 0*i - 57 = 0. Let x = i + -48. Suppose 8*p = x*p - 17. What is the highest common factor of 51 and p?
17
Let y(m) = 6*m - 53. Let s(x) = -2*x. Let t(k) = -2*s(k) + y(k). Let a be t(8). What is the greatest common factor of a and 12?
3
Let g = 235 + 1115. Calculate the greatest common divisor of 702 and g.
54
Let o(x) = -6*x + 3*x - 12 + 9*x**2 - 9 + x**3 + 0. Let h be o(-6). Let a be ((-2)/7)/1 - (-6960)/h. Calculate the greatest common factor of 33 and a.
33
Suppose -6*s + 326 = -40. Suppose s*v - 326 = 60*v. Suppose v = 6*w - 64. What is the greatest common factor of w and 26?
13
Let g(j) = -3*j + 9. Let y be g(2). Let r be y + ((-3)/3)/(3/(-201)). Calculate the greatest common factor of 28 and r.
14
Let q(k) = -5*k - 37. Let r(f) = -f**2 + 22*f - 16. Let n be r(22). Let d be q(n). Suppose -d = -6*g + 65. Calculate the highest common factor of 27 and g.
9
Let d be (23800/(-833))/((-4)/14). What is the highest common divisor of 75 and d?
25
Let z = -34 - -34. Suppose z = -3*o + 10 - 4. Suppose -418 + 1143 = 5*v - 5*m, o*v + 5*m = 283. What is the greatest common factor of v and 18?
18
Suppose -3*x = -2*i + x + 38, -3*x - 12 = 0. Let r be (3/(33/i))/((-1)/(-84)). What is the highest common factor of r and 21?
21
Suppose a = -3*p + 1103, 4*a + 7*p = 6*p + 4456. Calculate the greatest common divisor of a and 5.
5
Let s(z) = -22*z - 17. Let x be s(-4). Let o(p) = 3*p**3 - p**2 + 2*p + 1. Let m be o(3). Let u = x + m. Calculate the greatest common divisor of 60 and u.
30
Let b be (-8)/(32/(-1764)) - 6. What is the greatest common factor of 667 and b?
29
Let f = 60 - 64. Let m be 144/(-3)*f/3. Let i = m - -26. What is the greatest common divisor of i and 9?
9
Suppose -5*h = 3*c + 1519, 6*h - 3*h + 3*c + 915 = 0. Let s = -185 - h. Calculate the greatest common divisor of 26 and s.
13
Suppose -127*b - 1059 = -144*b + 3055. Calculate the greatest common factor of 8 and b.
2
Let n(d) = -3*d + 3. Let u be n(-3). Suppose 8*b = u*b - 16. Suppose -4*t + 10 + 10 = 0, 4 = -o + b*t. Calculate the greatest common divisor of 128 and o.
16
Let w be 18/12 + (-17)/(-2). Suppose 8*z + 10 = w*z. Suppose -4*d = -3*m - 16 - 32, 5*m = -z*d + 25. Calculate the highest common factor of 72 and d.
9
Suppose 2*n = 4*n - 4*b - 388, 3*n - 588 = 3*b. What is the highest common factor of n and 352?
22
Let x(q) = -4*q**3 + 50*q**2 + 18*q + 9. Let g be x(-6). Calculate the greatest common divisor of g and 225.
45
Let z = -2 - -4. Suppose -z*k = -k - 36. Suppose 91 = 4*x + o, -3*o = x - 208 + 199. Calculate the highest common factor of k and x.
12
Suppose -26 = 31*c + 222. Let r be 2/c + (-137)/(-4). Calculate the greatest common factor of 1088 and r.
34
Let b(q) = q**2 + 3*q. Let g be b(-5). Let u(z) = z**2 - 9*z + 23. Let a be u(g). Calculate the highest common divisor of a and 693.
33
Suppose 30 = p + 6. Let l = -85011 + 85065. What is the greatest common factor of p and l?
6
Let i = -7109 + 7401. What is the highest common divisor of 365 and i?
73
Let h = -90 + 87. Let n(k) = k + 4. Let z be n(-3). Let v be -2 - h - (z + -31). Calculate the highest common factor of 217 and v.
31
Let v = -238 - -383. Let j = v + -139. Suppose 3*y = 20 - 8. Calculate the highest common divisor of y and j.
2
Let t be (-4)/6 + (-56)/(-21). Let z(q) = q**3 - 2*q**2 - q + 1. Let o be z(t). Let w be 145/10 + o/2. What is the highest common factor of w and 154?
14
Let a be (-5764)/(-6)*((552/(-16))/(-23))/1. What is the highest common divisor of a and 22?
11
Let w be (832/(-6))/(-6*((-252)/(-81) + -3)). What is the greatest common factor of w and 9256?
104
Suppose 0 = -4*c + 2*k + 132, 0*c - 3*k - 66 = -2*c. Let f = c + -27. Let m be f - (0/5)/((-4)/2). Calculate the greatest common factor of m and 66.
6
Suppose -4*c + 36*p = 34*p - 74, 3*c = -p + 48. Suppose 0 = -c*f + 18*f - 34. Calculate the highest common divisor of 646 and f.
34
Suppose -57*s + 331 = -19*s - 391. Calculate the highest common factor of s and 29963.
19
Suppose 3*m + 4*g - 23 = 25, 32 = 2*m + 3*g. Calculate the greatest common factor of 7664 and m.
16
Suppose -4 + 39 = i. Suppose 79*q - 83*q - k + 1888 = 0, 4*k + 16 = 0. Let a be (9 - q/(-33))*6/4. What is the greatest common factor of i and a?
35
Let n(v) = -18*v + 111. Let r be 10/8 + (1080/32)/9. Let j be n(r). What is the highest common factor of j and 42?
21
Let c = -3684 + 3735. What is the greatest common divisor of c and 4437?
51
Let a(w) = 20*w**2 - 86*w + 489. Let k be a(6). Calculate the greatest common divisor of 308 and k.
77
Suppose -5*o - 4*r + 6 = 0, -o - 9*r = -10*r - 3. Let s be -1*(39/(-26))/(o/180). Calculate the highest common divisor of s and 297.
27
Suppose -7*b = 92665 - 96949. What is the greatest common divisor of 136 and b?
68
Suppose m - 5*q = -4*m + 5585, 4*m + 2*q - 4456 = 0. What is the highest common factor of m and 45?
5
Let l be -8 + 0 - (-11)/1. Suppose 2*z = 26*w - 25*w + 87, -l*z = -2*w - 130. What is the greatest common divisor of 352 and z?
44
Let d be (-2)/6 + 3818/249. Let f = 34 - d. What is the greatest common divisor of 1349 and f?
19
Let p be 5 - ((-11)/(-33) - (-425)/3). Let r = 93 - p. What is the highest common divisor of 138 and r?
46
Suppose -4784 = 39*l - 65*l. Calculate the greatest common factor of 200 and l.
8
Suppose -4*l = -3*r - 103, -3*l - r = 594 - 668. Calculate the highest common factor of 12175 and l.
25
Let x(z) = -z**2 + 7*z - 7. Let k be x(4). Let l(r) = 14*r - 113. Let m be l(12). What is the greatest common factor of k and m?
5
Let p be 52/(156/(-12)) - -2111. What is the greatest common factor of 43 and p?
43
Let x(i) = -29*i - 82. Let a be x(7). Let l = a - -310. Calculate the highest common divisor of 4 and l.
1
Let q be (-16)/(-720)*15 - (-209)/3. What is the highest common factor of 966 and q?
14
Let a = -25204 + 25396. Suppose 2*o - 125 = 323. What is the highest common factor of o and a?
32
Let g(w) = -w**2 + 26*w - 87. Let k(b) = 17*b + 22. Let y be k(0). Let s be g(y). What is the greatest common divisor of s and 23?
1
Let c(b) = -b**3 - b + 96. Let a be c(0). Let z be -1 + 1 + 0 + a. Suppose 0 = 5*s + 20, -2*s - 2*s = 4*k - z. Calculate the greatest common divisor of k and 4.
4
Let p = 311 + 173. Calculate the highest common divisor of p and 4.
4
Let c(o) = 48*o + 730. Let s be c(-15). What is the greatest common factor of s and 8110?
10
Let o = 170 + 255. Calculate the highest common factor of 275 and o.
25
Let b = 439 - 541. Let h = 804 + b. Calculate the greatest common divisor of h and 26.
26
Let 